{"id":4053,"date":"2021-04-28T12:32:05","date_gmt":"2021-04-28T10:32:05","guid":{"rendered":"https:\/\/www.confcommerciopavia.it\/?post_type=product&#038;p=4053"},"modified":"2021-04-28T12:33:28","modified_gmt":"2021-04-28T10:33:28","slug":"basi-di-leadership-guidare-con-lintelligenza-emotiva","status":"publish","type":"product","link":"https:\/\/www.confcommerciopavia.it\/?product=basi-di-leadership-guidare-con-lintelligenza-emotiva","title":{"rendered":"Basi di leadership: Guidare con l&#8217;intelligenza emotiva"},"content":{"rendered":"<p><\/p>\n","protected":false},"excerpt":{"rendered":"<div class=\"row padding-left-40\">\n<div class=\"catalogo-right-header-title1\">\n<div class=\"row mrg-bottom-20\">\n<p><strong>DURATA DEL CORSO: <\/strong>\u00a01 ORE<strong><br \/>MODALIT\u00c0: <\/strong>e-Learning<br \/><strong>PDF:<\/strong> <a data-mce-href=\"https:\/\/www.confcommerciopavia.it\/wp-content\/uploads\/2021\/04\/0SSK510_ASSO.pdf\" href=\"https:\/\/www.confcommerciopavia.it\/wp-content\/uploads\/2021\/04\/0SSK510_ASSO.pdf\">Scarica allegato<\/a><\/p>\n<p>Sicuro di s\u00e9, estroverso, empatico nei confronti degli altri, in grado di esprimere i sentimenti in modo diretto ma mai fuori luogo e di instaurare rapporti sociali. Tutte queste abilit\u00e0 sono tipiche di quegli individui che possiedono livelli elevati di intelligenza emotiva. L&#8217;intelligenza emotiva rappresenta un segnale pi\u00f9 attendibile in grado di predire il successo rispetto alla capacit\u00e0 di ragionare! I leader che possiedono un giusto mix di consapevolezza emotiva, capacit\u00e0 di autogestione e abilit\u00e0 sociali sono in grado di gestire le relazioni in maniera pi\u00f9 efficace e hanno generalmente vite private e professionali pi\u00f9 brillanti. Questo corso aiuta a comprendere le ragioni alla base del ruolo fondamentale rivestito dalle abilit\u00e0 relative all&#8217;intelligenza emotiva per i leader. Tale corso illustra inoltre alcune tecniche positive di natura pratica finalizzate alla promozione e al potenziamento dell&#8217;intelligenza emotiva per i leader nell&#8217;ambito della propria attivit\u00e0.<\/p>\n<p><strong>DESTINATARI<\/strong><br \/>Supervisori, manager, direttori e singoli che desiderino sviluppare le loro abilit\u00e0 di leadership<\/p>\n<\/div>\n<\/div>\n<\/div>\n","protected":false},"featured_media":3634,"template":"","meta":[],"product_brand":[],"product_cat":[119,92],"product_tag":[180],"class_list":{"0":"post-4053","1":"product","2":"type-product","3":"status-publish","4":"has-post-thumbnail","6":"product_cat-management-and-leadership","7":"product_cat-softskills","8":"product_tag-management-and-leadership","10":"first","11":"instock","12":"taxable","13":"shipping-taxable","14":"purchasable","15":"product-type-simple"},"_links":{"self":[{"href":"https:\/\/www.confcommerciopavia.it\/index.php?rest_route=\/wp\/v2\/product\/4053","targetHints":{"allow":["GET"]}}],"collection":[{"href":"https:\/\/www.confcommerciopavia.it\/index.php?rest_route=\/wp\/v2\/product"}],"about":[{"href":"https:\/\/www.confcommerciopavia.it\/index.php?rest_route=\/wp\/v2\/types\/product"}],"wp:featuredmedia":[{"embeddable":true,"href":"https:\/\/www.confcommerciopavia.it\/index.php?rest_route=\/wp\/v2\/media\/3634"}],"wp:attachment":[{"href":"https:\/\/www.confcommerciopavia.it\/index.php?rest_route=%2Fwp%2Fv2%2Fmedia&parent=4053"}],"wp:term":[{"taxonomy":"product_brand","embeddable":true,"href":"https:\/\/www.confcommerciopavia.it\/index.php?rest_route=%2Fwp%2Fv2%2Fproduct_brand&post=4053"},{"taxonomy":"product_cat","embeddable":true,"href":"https:\/\/www.confcommerciopavia.it\/index.php?rest_route=%2Fwp%2Fv2%2Fproduct_cat&post=4053"},{"taxonomy":"product_tag","embeddable":true,"href":"https:\/\/www.confcommerciopavia.it\/index.php?rest_route=%2Fwp%2Fv2%2Fproduct_tag&post=4053"}],"curies":[{"name":"wp","href":"https:\/\/api.w.org\/{rel}","templated":true}]}}

<div class="row padding-left-40">
<div class="catalogo-right-header-title1">
<div class="row mrg-bottom-20">
<p><strong>DURATA DEL CORSO: </strong> 1 ORE<strong><br />MODALITÀ: </strong>e-Learning<br /><strong>PDF:</strong> <a data-mce-href="https://www.confcommerciopavia.it/wp-content/uploads/2021/04/0SSK510_ASSO.pdf" href="https://www.confcommerciopavia.it/wp-content/uploads/2021/04/0SSK510_ASSO.pdf">Scarica allegato</a></p>
<p>Sicuro di sé, estroverso, empatico nei confronti degli altri, in grado di esprimere i sentimenti in modo diretto ma mai fuori luogo e di instaurare rapporti sociali. Tutte queste abilità sono tipiche di quegli individui che possiedono livelli elevati di intelligenza emotiva. L&#8217;intelligenza emotiva rappresenta un segnale più attendibile in grado di predire il successo rispetto alla capacità di ragionare! I leader che possiedono un giusto mix di consapevolezza emotiva, capacità di autogestione e abilità sociali sono in grado di gestire le relazioni in maniera più efficace e hanno generalmente vite private e professionali più brillanti. Questo corso aiuta a comprendere le ragioni alla base del ruolo fondamentale rivestito dalle abilità relative all&#8217;intelligenza emotiva per i leader. Tale corso illustra inoltre alcune tecniche positive di natura pratica finalizzate alla promozione e al potenziamento dell&#8217;intelligenza emotiva per i leader nell&#8217;ambito della propria attività.</p>
<p><strong>DESTINATARI</strong><br />Supervisori, manager, direttori e singoli che desiderino sviluppare le loro abilità di leadership</p>
</div>
</div>
</div>
