{"id":4069,"date":"2021-04-28T12:46:43","date_gmt":"2021-04-28T10:46:43","guid":{"rendered":"https:\/\/www.confcommerciopavia.it\/?post_type=product&#038;p=4069"},"modified":"2021-04-28T12:48:02","modified_gmt":"2021-04-28T10:48:02","slug":"instaurazione-della-fiducia-tramite-una-comunicazione-efficace","status":"publish","type":"product","link":"https:\/\/www.confcommerciopavia.it\/?product=instaurazione-della-fiducia-tramite-una-comunicazione-efficace","title":{"rendered":"Instaurazione della fiducia tramite una comunicazione efficace"},"content":{"rendered":"<p><\/p>\n","protected":false},"excerpt":{"rendered":"<div class=\"row padding-left-40\">\n<div class=\"catalogo-right-header-title1\">\n<div class=\"row mrg-bottom-20\">\n<p><strong>DURATA DEL CORSO: <\/strong>\u00a00,42 ORE<strong><br \/>MODALIT\u00c0: <\/strong>e-Learning<br \/><strong>PDF:<\/strong> <a data-mce-href=\"https:\/\/www.confcommerciopavia.it\/wp-content\/uploads\/2021\/04\/0SSK518_ASSO.pdf\" href=\"https:\/\/www.confcommerciopavia.it\/wp-content\/uploads\/2021\/04\/0SSK518_ASSO.pdf\">Scarica allegato<\/a><\/p>\n<p>La comunicazione \u00e8 pi\u00f9 efficace quando si instaura e si mantiene la fiducia delle persone con cui si comunica. In questo corso si apprender\u00e0 in che modo la chiarezza degli intenti sia alla base di una comunicazione efficace e come la conoscenza del pubblico a cui ci si rivolge possa garantire una percezione corretta del messaggio. Si apprender\u00e0 inoltre in che modo il linguaggio del corpo, il tono di voce e la gestione delle emozioni possano influire sulle comunicazioni e sull&#8217;instaurazione di un rapporto di fiducia con il pubblico.<\/p>\n<p><strong>DESTINATARI<\/strong><br \/>Chiunque desideri sviluppare o affinare le proprie competenze per ottenere risultati usando il potere personale.<\/p>\n<\/div>\n<\/div>\n<\/div>\n","protected":false},"featured_media":3634,"template":"","meta":[],"product_brand":[],"product_cat":[116,92],"product_tag":[181],"class_list":{"0":"post-4069","1":"product","2":"type-product","3":"status-publish","4":"has-post-thumbnail","6":"product_cat-efficacia-professionale","7":"product_cat-softskills","8":"product_tag-efficacia-professionale","10":"first","11":"instock","12":"taxable","13":"shipping-taxable","14":"purchasable","15":"product-type-simple"},"_links":{"self":[{"href":"https:\/\/www.confcommerciopavia.it\/index.php?rest_route=\/wp\/v2\/product\/4069","targetHints":{"allow":["GET"]}}],"collection":[{"href":"https:\/\/www.confcommerciopavia.it\/index.php?rest_route=\/wp\/v2\/product"}],"about":[{"href":"https:\/\/www.confcommerciopavia.it\/index.php?rest_route=\/wp\/v2\/types\/product"}],"wp:featuredmedia":[{"embeddable":true,"href":"https:\/\/www.confcommerciopavia.it\/index.php?rest_route=\/wp\/v2\/media\/3634"}],"wp:attachment":[{"href":"https:\/\/www.confcommerciopavia.it\/index.php?rest_route=%2Fwp%2Fv2%2Fmedia&parent=4069"}],"wp:term":[{"taxonomy":"product_brand","embeddable":true,"href":"https:\/\/www.confcommerciopavia.it\/index.php?rest_route=%2Fwp%2Fv2%2Fproduct_brand&post=4069"},{"taxonomy":"product_cat","embeddable":true,"href":"https:\/\/www.confcommerciopavia.it\/index.php?rest_route=%2Fwp%2Fv2%2Fproduct_cat&post=4069"},{"taxonomy":"product_tag","embeddable":true,"href":"https:\/\/www.confcommerciopavia.it\/index.php?rest_route=%2Fwp%2Fv2%2Fproduct_tag&post=4069"}],"curies":[{"name":"wp","href":"https:\/\/api.w.org\/{rel}","templated":true}]}}