{"id":4107,"date":"2021-04-28T14:52:32","date_gmt":"2021-04-28T12:52:32","guid":{"rendered":"https:\/\/www.confcommerciopavia.it\/?post_type=product&#038;p=4107"},"modified":"2021-04-28T14:53:49","modified_gmt":"2021-04-28T12:53:49","slug":"comunicazione-efficace-del-team","status":"publish","type":"product","link":"https:\/\/www.confcommerciopavia.it\/?product=comunicazione-efficace-del-team","title":{"rendered":"Comunicazione efficace del team"},"content":{"rendered":"<p><\/p>\n","protected":false},"excerpt":{"rendered":"<div class=\"row padding-left-40\">\n<div class=\"catalogo-right-header-title1\">\n<div class=\"row mrg-bottom-20\">\n<p><strong>DURATA DEL CORSO: <\/strong>\u00a01 ORE<strong><br \/>MODALIT\u00c0: <\/strong>e-Learning<br \/><strong>PDF:<\/strong> <a data-mce-href=\"https:\/\/www.confcommerciopavia.it\/wp-content\/uploads\/2021\/04\/0SSK537_ASSO.pdf\" href=\"https:\/\/www.confcommerciopavia.it\/wp-content\/uploads\/2021\/04\/0SSK537_ASSO.pdf\">Scarica allegato<\/a><\/p>\n<p>A prescindere da quanto talento abbiano i membri individuali del proprio team, essi, da soli, possono portare avanti il team solo fino ad un certo punto. Per massimizzare il proprio potenziale i team si affidano alla partecipazione, agli input e alle opinioni di tutti i membri del team. Apprendere come farsi sentire e come incoraggiare gli altri ad aprirsi \u00e8 importante per il successo di un team. La comunicazione efficace \u00e8 il carburante che porter\u00e0 il team al traguardo. In questo corso si apprender\u00e0 l&#8217;importanza di coltivare un ambiente di team che incoraggi la comunicazione aperta ed efficace. Si apprender\u00e0 a riconoscere le barriere verbali comuni che possono interferire seriamente con la produttivit\u00e0 del team e si apprenderanno le strategie per eliminare tali barriere. Questo corso tratta inoltre dell&#8217;ascolto attivo e presenta tecniche per ascoltare pi\u00f9 efficacemente i compagni di team, incoraggiando pertanto la condivisione di idee all&#8217;interno del team.<\/p>\n<p><strong>DESTINATARI<br \/><\/strong>Dipendenti di tutti i livelli; tutti coloro che fanno parte di un team<\/p>\n<\/div>\n<\/div>\n<\/div>\n","protected":false},"featured_media":3634,"template":"","meta":[],"product_brand":[],"product_cat":[117,92],"product_tag":[182],"class_list":{"0":"post-4107","1":"product","2":"type-product","3":"status-publish","4":"has-post-thumbnail","6":"product_cat-efficacia-progettuale","7":"product_cat-softskills","8":"product_tag-efficacia-progettuale","10":"first","11":"instock","12":"taxable","13":"shipping-taxable","14":"purchasable","15":"product-type-simple"},"_links":{"self":[{"href":"https:\/\/www.confcommerciopavia.it\/index.php?rest_route=\/wp\/v2\/product\/4107","targetHints":{"allow":["GET"]}}],"collection":[{"href":"https:\/\/www.confcommerciopavia.it\/index.php?rest_route=\/wp\/v2\/product"}],"about":[{"href":"https:\/\/www.confcommerciopavia.it\/index.php?rest_route=\/wp\/v2\/types\/product"}],"wp:featuredmedia":[{"embeddable":true,"href":"https:\/\/www.confcommerciopavia.it\/index.php?rest_route=\/wp\/v2\/media\/3634"}],"wp:attachment":[{"href":"https:\/\/www.confcommerciopavia.it\/index.php?rest_route=%2Fwp%2Fv2%2Fmedia&parent=4107"}],"wp:term":[{"taxonomy":"product_brand","embeddable":true,"href":"https:\/\/www.confcommerciopavia.it\/index.php?rest_route=%2Fwp%2Fv2%2Fproduct_brand&post=4107"},{"taxonomy":"product_cat","embeddable":true,"href":"https:\/\/www.confcommerciopavia.it\/index.php?rest_route=%2Fwp%2Fv2%2Fproduct_cat&post=4107"},{"taxonomy":"product_tag","embeddable":true,"href":"https:\/\/www.confcommerciopavia.it\/index.php?rest_route=%2Fwp%2Fv2%2Fproduct_tag&post=4107"}],"curies":[{"name":"wp","href":"https:\/\/api.w.org\/{rel}","templated":true}]}}