{"id":4239,"date":"2021-04-29T15:29:53","date_gmt":"2021-04-29T13:29:53","guid":{"rendered":"https:\/\/www.confcommerciopavia.it\/?post_type=product&#038;p=4239"},"modified":"2023-07-04T16:24:49","modified_gmt":"2023-07-04T14:24:49","slug":"corso-di-aggiornamento-per-addetto-alle-attivita-alimentari","status":"publish","type":"product","link":"https:\/\/www.confcommerciopavia.it\/?product=corso-di-aggiornamento-per-addetto-alle-attivita-alimentari","title":{"rendered":"Corso di aggiornamento per Addetto alle attivit\u00e0 alimentari"},"content":{"rendered":"<p><\/p>\n","protected":false},"excerpt":{"rendered":"<div class=\"row padding-left-40\">\n<div class=\"catalogo-right-header-title1\">\n<div class=\"row mrg-bottom-20\">\n<p><strong>DURATA DEL CORSO: <\/strong>4 ORE<strong><br \/>MODALIT\u00c0: <\/strong>e-Learning<br \/><strong>PDF:<\/strong> <a data-mce-href=\"https:\/\/www.confcommerciopavia.it\/wp-content\/uploads\/2023\/07\/scheda-4AHCPR04_23.pdf\" href=\"https:\/\/www.confcommerciopavia.it\/wp-content\/uploads\/2023\/07\/scheda-4AHCPR04_23.pdf\">Scarica allegato<\/a><\/p>\n<p>Questo percorso \u00e8 rivolto a tutti gli Addetti che lavorano all\u2019interno di attivit\u00e0 alimentari, che abbiano gi\u00e0 effettuato un corso di prima formazione, in conformit\u00e0 alle normative regionali in cui ha sede l\u2019attivit\u00e0.<\/p>\n<p><\/p>\n<p>Anche il periodo di aggiornamento varia in base alle normative regionali. Pu\u00f2 essere infatti triennale, quadriennale o quinquennale.<\/p>\n<p>Gli obiettivi sono quelli di rimanere aggiornati sulle procedure dei metodi di autocontrollo e degli obblighi di responsabilit\u00e0 dell\u2019industria alimentare, sui rischi alimentari e sulle buone prassi igieniche da adottare.<\/p>\n<\/div>\n<\/div>\n<\/div>\n","protected":false},"featured_media":3533,"template":"","meta":[],"product_brand":[],"product_cat":[97,195],"product_tag":[196],"class_list":{"0":"post-4239","1":"product","2":"type-product","3":"status-publish","4":"has-post-thumbnail","6":"product_cat-haccp","7":"product_cat-haccp-aggiornamento","8":"product_tag-haccp-aggiornamento","10":"first","11":"instock","12":"taxable","13":"shipping-taxable","14":"purchasable","15":"product-type-simple"},"_links":{"self":[{"href":"https:\/\/www.confcommerciopavia.it\/index.php?rest_route=\/wp\/v2\/product\/4239","targetHints":{"allow":["GET"]}}],"collection":[{"href":"https:\/\/www.confcommerciopavia.it\/index.php?rest_route=\/wp\/v2\/product"}],"about":[{"href":"https:\/\/www.confcommerciopavia.it\/index.php?rest_route=\/wp\/v2\/types\/product"}],"wp:featuredmedia":[{"embeddable":true,"href":"https:\/\/www.confcommerciopavia.it\/index.php?rest_route=\/wp\/v2\/media\/3533"}],"wp:attachment":[{"href":"https:\/\/www.confcommerciopavia.it\/index.php?rest_route=%2Fwp%2Fv2%2Fmedia&parent=4239"}],"wp:term":[{"taxonomy":"product_brand","embeddable":true,"href":"https:\/\/www.confcommerciopavia.it\/index.php?rest_route=%2Fwp%2Fv2%2Fproduct_brand&post=4239"},{"taxonomy":"product_cat","embeddable":true,"href":"https:\/\/www.confcommerciopavia.it\/index.php?rest_route=%2Fwp%2Fv2%2Fproduct_cat&post=4239"},{"taxonomy":"product_tag","embeddable":true,"href":"https:\/\/www.confcommerciopavia.it\/index.php?rest_route=%2Fwp%2Fv2%2Fproduct_tag&post=4239"}],"curies":[{"name":"wp","href":"https:\/\/api.w.org\/{rel}","templated":true}]}}

Corso di aggiornamento per Addetto alle attività alimentari

<div class="row padding-left-40">
<div class="catalogo-right-header-title1">
<div class="row mrg-bottom-20">
<p><strong>DURATA DEL CORSO: </strong>4 ORE<strong><br />MODALITÀ: </strong>e-Learning<br /><strong>PDF:</strong> <a data-mce-href="https://www.confcommerciopavia.it/wp-content/uploads/2023/07/scheda-4AHCPR04_23.pdf" href="https://www.confcommerciopavia.it/wp-content/uploads/2023/07/scheda-4AHCPR04_23.pdf">Scarica allegato</a></p>
<p>Questo percorso è rivolto a tutti gli Addetti che lavorano all’interno di attività alimentari, che abbiano già effettuato un corso di prima formazione, in conformità alle normative regionali in cui ha sede l’attività.</p>
<p></p>
<p>Anche il periodo di aggiornamento varia in base alle normative regionali. Può essere infatti triennale, quadriennale o quinquennale.</p>
<p>Gli obiettivi sono quelli di rimanere aggiornati sulle procedure dei metodi di autocontrollo e degli obblighi di responsabilità dell’industria alimentare, sui rischi alimentari e sulle buone prassi igieniche da adottare.</p>
</div>
</div>
</div>
